+ g**2 - 2*g + 26. Does 7 divide d(0)?
False
Suppose -q = -4*q + 111. Is 20 a factor of q?
False
Suppose -12 = -5*x + q, -2*q = 5*x - 2 - 4. Let i = -1 + x. Suppose -63 - i = -2*o. Is o a multiple of 11?
False
Suppose -3*j = 3*n - j - 57, -5*n - 3*j + 96 = 0. Is 8 a factor of n?
False
Suppose 5*l + u - 21 = 3*u, l + u = 0. Suppose -c + 13 = w + l*w, -5*w + 18 = 3*c. Suppose -3*k = -c - 23. Does 4 divide k?
True
Suppose 3*a - j - 94 = 0, -12 + 4 = -4*j. Is a a multiple of 12?
False
Let b(q) = -3*q + 4*q + 3*q. Let y be (-1)/2*(-110)/11. Is b(y) a multiple of 20?
True
Suppose -45*d = -47*d + 672. Does 31 divide d?
False
Suppose -8*o + 165 = -507. Does 7 divide o?
True
Suppose 4*w = -5*v + 29, 0 = 3*w - 5*v + 2 + 20. Suppose -w + 11 = 2*s. Suppose s*y - 2*y - 33 = 0. Is y a multiple of 11?
True
Suppose 0 = 2*s - 2*n - 284, -531 = -3*s + 5*n - 97. Suppose 0 = 2*w - r - 0*r - s, -w + r = -69. Is 12 a factor of w?
False
Let d(n) = n**2 - 5*n - 9. Let q(w) = w - 1. Let m(j) = -d(j) - 4*q(j). Let r be m(0). Suppose -4*h = -5*h + r. Is 8 a factor of h?
False
Suppose -20 = 4*z, 4*l - z + 3*z - 122 = 0. Suppose 49 = 3*o + 7. Let r = l - o. Is r a multiple of 14?
False
Let g(p) = p**3 - p**2 - 2*p - 1. Let a be g(-2). Let d = 4 - 2. Does 2 divide d/(-8) + a/(-4)?
True
Let i = 8 + -10. Let j be (-522)/(-14) - (-2)/(-7). Let v = j + i. Is 13 a factor of v?
False
Suppose 0*t - 8 = 2*o + 4*t, -3*t = 12. Suppose -d + 5*s = 2*d - 76, -2*d + 46 = -s. Suppose -26 = -o*a + d. Does 6 divide a?
True
Let k = -20 + 32. Suppose -i - x + 6 = -0*x, -k = -i - 3*x. Suppose -j = 3*z - 18, -4*j + 21 + 15 = i*z. Is j a multiple of 3?
True
Let q be 10/(-1)*(-69)/5. Suppose -q = -3*p + p. Does 12 divide p?
False
Let p(h) = 7*h - 1. Is 4 a factor of p(2)?
False
Let b(m) = -m. Let j(v) = -84*v. Let p(h) = 154*b(h) - 2*j(h). Let y(c) = c - 1. Let x be y(2). Is p(x) a multiple of 8?
False
Let l = -7 - -9. Is (-1)/((-291)/144 + l) a multiple of 24?
True
Let o(r) = -3*r + 24. Is 20 a factor of o(-12)?
True
Let k(c) = -28*c**3 - c**2 + c + 1. Let i be k(-1). Is 3 a factor of i/(-6)*(-2)/3?
True
Let s(x) = -x**2 - 11*x - 5. Suppose -u = -5 - 0. Suppose 0 = -u*v + v - 28. Does 9 divide s(v)?
False
Let q = 134 + -62. Suppose -c + 1 = 0, -23 = -3*m + c + q. Suppose -4*t - m = -5*t. Does 13 divide t?
False
Suppose 5*p + 165 = -0*p. Let v = p - -73. Suppose -5*k = -k - v. Does 10 divide k?
True
Let o(k) = k**2 - 8*k - 5. Let b be o(9). Suppose -2*p = b*w - 46, 5*w - p - 62 = p. Is w a multiple of 12?
True
Does 10 divide -4*((-2)/13 - (-1938)/(-78))?
True
Suppose 4*k = -2*k + 480. Is k a multiple of 20?
True
Suppose 3*j + 19 = 4. Let o(i) = -i**3 - 5*i**2 - 5*i + 4. Does 18 divide o(j)?
False
Let g be -2*2 - -3 - -1. Suppose g = w + 3*w - 24. Is w a multiple of 3?
True
Suppose -4 = -2*d - 12, 0 = -c + 5*d + 110. Is c a multiple of 15?
True
Suppose -h - 3*s = 0, -2*h + 48 = 3*h + 3*s. Does 7 divide (h/10)/(9/60)?
False
Let y be (-4)/(-10) - (-26)/10. Suppose -m + 248 = y*m. Is (-2)/(-8) + m/8 a multiple of 4?
True
Let q be -6*1*(-1 + 0). Is (-165)/q*(-4)/5 a multiple of 11?
True
Let k be (1 - 325)/((-1)/(-2)). Is 18 a factor of ((-3)/(-4))/((-9)/k)?
True
Suppose 52 = 5*p + 7. Suppose -3*m = -6*m - p. Let t = m - -5. Does 2 divide t?
True
Suppose m - 4*m = 0. Let s be (0 + m + -1)*-13. Suppose -3*j - 5*w + 46 = 0, -2*j + s + 21 = 4*w. Is 7 a factor of j?
True
Suppose 3*n + 9 = 3*s, -5*n + 0*s - 2*s + 20 = 0. Let w = -20 + 26. Suppose 64 = w*f - n*f. Is 8 a factor of f?
True
Suppose -8 = -2*x, -3*g - 56 = -4*g - x. Does 26 divide g?
True
Let b be 9/12 - (-273)/4. Let o = -31 + b. Is 19 a factor of o?
True
Let s(m) = -2*m**2 - m + 46. Is 46 a factor of s(0)?
True
Let p = -106 - -218. Is 16 a factor of p?
True
Let s = -8 + 8. Does 12 divide (s - -1)/((-3)/(-108))?
True
Let t = -23 + 20. Is (-140)/(-6) + (-2)/t a multiple of 8?
True
Let z(g) = -6*g**3 - g**2 + 1. Let n be z(-1). Let l(o) = -o**2 + 6*o + 2. Let r be l(n). Suppose -h = -3*w + 87, -w - h + 31 = -r*h. Does 11 divide w?
False
Suppose -3*w + 3 = -0. Let l = w + 3. Suppose -5*n = -3*q + 43 + 29, 0 = -l*q + 5*n + 101. Is q a multiple of 14?
False
Suppose 301 = 2*k + 103. Is 11 a factor of k?
True
Suppose 3*n + 8 = f, 2*f = -5*n - f - 18. Suppose j - 9 + 2 = 0. Let m = j + n. Is 4 a factor of m?
True
Suppose 5*v = -9 + 74. Suppose 3*w = 23 + v. Does 12 divide w?
True
Suppose 4 = x + 5. Is 22 a factor of 44/((1 - -1) + x)?
True
Suppose -5*x = -103 + 13. Let u = 50 - x. Is 12 a factor of u?
False
Suppose 16*y = 15*y. Is (y - -55) + (-8)/4 a multiple of 16?
False
Let n be 2 + (-6 - -2)/1. Let k = 0 - n. Suppose l + 5*g - 21 = -0*l, -k*l - 2*g = -34. Is l a multiple of 16?
True
Let m be (28/8)/(1/2). Let v = 4 - m. Let s(j) = -5*j. Does 11 divide s(v)?
False
Suppose 9*h - 14*h = -90. Does 4 divide h?
False
Let w = -18 - -31. Suppose w = p + 3. Does 9 divide p?
False
Let k(g) = -3*g + 9. Is k(-26) a multiple of 9?
False
Let g = -43 - -72. Is 10 a factor of g?
False
Suppose 3 + 9 = 3*z. Is z a multiple of 3?
False
Let h(n) = -1. Let l(w) = 31*w - 1. Let k(o) = 4*h(o) - l(o). Let m be k(-3). Suppose m = 3*p + 2*p. Does 12 divide p?
False
Let w(z) = 6*z**2 - z - 6. Is w(3) a multiple of 15?
True
Suppose -4*b + 7*b - 291 = 0. Suppose -3*o - f - 3*f = -34, -b = -4*o + 5*f. Is o a multiple of 6?
True
Let m = -47 - -116. Suppose -m = -3*u + 3*h, -2*u + 2*h = -3*u + 20. Is u a multiple of 11?
True
Let l = 115 - 35. Is l a multiple of 16?
True
Let h(y) = -4*y**3 + y**2 + y + 1. Let b be h(-1). Suppose 4*x = b*x - 32. Is x a multiple of 16?
True
Suppose -3*k + 384 = -3. Is 19 a factor of k?
False
Let f(l) = -14 - 3*l - 4*l + 15 + l. Does 7 divide f(-3)?
False
Let d = -191 - -134. Let h = d + 99. Is h a multiple of 14?
True
Let a be 470*1*(-32)/10. Let p(g) = g**3 + 6*g**2 - 6*g + 6. Let s be p(-7). Is 20 a factor of s/5 - a/20?
False
Let h = 4 - -61. Is h a multiple of 12?
False
Suppose 252 - 92 = 5*h. Suppose -158 + h = -3*z. Is 21 a factor of z?
True
Let p(i) = 18*i + 3. Let l(z) = -4*z - 1. Let r be l(-1). Is 24 a factor of p(r)?
False
Suppose 0 = 9*m - m - 32. Is m a multiple of 3?
False
Suppose -4*i + i = -87. Suppose 0*r + i = 2*r - 3*v, -5*r = -4*v - 62. Is 10 a factor of r?
True
Suppose -7*k + 192 = -3*k. Suppose -3*r - k = -5*r. Does 24 divide r?
True
Let n be 28 + -3 + (-2)/(-2). Suppose -3*g - 2*y + 50 = 0, -4*y = -g - 2*g + n. Is g a multiple of 14?
True
Suppose 2*g - 7*g = 0, -4*f = 4*g - 216. Suppose 4*w - 60 = 4*z, 0 = -4*w - 0*z + 2*z + f. Is 4 a factor of w?
True
Let g = -1 + 1. Suppose -l = -0*l + 2*k - 11, g = -3*l + 3*k - 3. Suppose f = l*f - 2, -4*a - 3*f + 63 = 0. Does 15 divide a?
True
Suppose -2*f + 274 = -478. Is 14 a factor of f?
False
Let h be (-609)/14*(-16)/6. Suppose -4*m = -h - 16. Is 17 a factor of m?
False
Let l = -108 + 154. Is 20 a factor of l?
False
Suppose -2*r = 412 - 40. Is 16 a factor of (-1)/(4 + 746/r)?
False
Let b(m) be the first derivative of 13*m**5/60 - m**3/6 + m**2/2 + 2. Let c(h) be the second derivative of b(h). Is 6 a factor of c(1)?
True
Let h(y) = y**3 - y**2 + y + 2. Let s be h(2). Let a(p) = p + 3. Let v be a(0). Suppose 4*d + s = 2*l, 0 = -v*l - 5*d + 39 + 17. Is 6 a factor of l?
True
Is ((-44)/(-12) - 3)*189/2 a multiple of 9?
True
Let c be 68/(-6) + 2/6. Let l = c - -69. Suppose -m + 2*b = -23, -m + b + l = m. Does 17 divide m?
False
Let b be 3/2*(-4)/(-3). Let r(z) be the first derivative of 5*z**3/3 + z**2 - 2*z - 1. Is r(b) a multiple of 11?
True
Suppose -6*n = -0*n - 66. Is n a multiple of 7?
False
Let p(i) be the first derivative of 4*i**2 + 4. Is 8 a factor of p(2)?
True
Is 18 a factor of -3 + (-3047)/(-7) - 8/28?
True
Let o(k) = -k**3 + 14*k**2 - 10*k - 1. Is 7 a factor of o(13)?
False
Suppose -10 - 260 = -9*c. Is 24 a factor of c?
False
Suppose 0 = -4*c + 13 + 3. Suppose 8*w - c*w = 240. Is 20 a factor of w?
True
Let i(b) be the second derivative of -5*b**3/6 - b**2/2 - 6*b. Is i(-7) a multiple of 11?
False
Let r(k) = 6*k**2 - k - 2. Let c(m) = -2*m + 6. Let j be c(5). Let p be (-6)/4*j/3. Does 10 divide r(p)?
True
Let b(p) = p + 17. Let r be 0 - (2 - (-1 + 3)). Does 12 divide b(r)?
False
Suppose 5*a + 7 = 27. Suppose 0 = 4*i - 2 - 2, a*v = -3*i + 175. Let r = -23 + v. Is r a multiple